24 and 1016?
4
What is the greatest common factor of 3 and 7?
1
What is the highest common divisor of 1530 and 3?
3
Calculate the highest common divisor of 98 and 147.
49
What is the greatest common divisor of 377 and 58?
29
Calculate the highest common divisor of 2301 and 156.
39
Calculate the greatest common factor of 330 and 3245.
55
Calculate the greatest common divisor of 432 and 36.
36
What is the greatest common factor of 10 and 14090?
10
Calculate the highest common divisor of 67 and 1005.
67
Calculate the greatest common divisor of 4108 and 52.
52
Calculate the highest common factor of 13 and 3.
1
What is the greatest common divisor of 30 and 46350?
30
Calculate the greatest common factor of 144 and 56.
8
Calculate the highest common divisor of 15618 and 171.
57
Calculate the highest common divisor of 190 and 152.
38
Calculate the greatest common divisor of 40 and 4360.
40
Calculate the highest common factor of 345 and 960.
15
Calculate the greatest common factor of 35 and 14.
7
What is the greatest common divisor of 868 and 14?
14
Calculate the highest common divisor of 5 and 2095.
5
What is the greatest common divisor of 368 and 32?
16
Calculate the highest common factor of 1573 and 416.
13
What is the highest common factor of 236 and 4779?
59
Calculate the highest common divisor of 15 and 315.
15
What is the greatest common factor of 5 and 131?
1
Calculate the greatest common factor of 585 and 65.
65
Calculate the highest common divisor of 272 and 17.
17
What is the greatest common factor of 286 and 26?
26
Calculate the highest common factor of 35 and 1351.
7
What is the greatest common factor of 19012 and 196?
196
Calculate the greatest common divisor of 253 and 207.
23
What is the greatest common divisor of 13 and 16679?
13
Calculate the highest common divisor of 325 and 1937.
13
What is the greatest common factor of 2635 and 85?
85
Calculate the greatest common factor of 33 and 132.
33
Calculate the highest common divisor of 1017 and 9.
9
What is the highest common divisor of 230 and 20?
10
What is the greatest common divisor of 441 and 931?
49
What is the greatest common factor of 308 and 110?
22
Calculate the highest common divisor of 266 and 1498.
14
What is the greatest common divisor of 403 and 13?
13
What is the greatest common divisor of 770 and 35?
35
Calculate the highest common divisor of 33 and 451.
11
Calculate the highest common factor of 1 and 967.
1
What is the highest common factor of 5865 and 136?
17
Calculate the greatest common divisor of 135 and 255.
15
What is the highest common factor of 96 and 942?
6
Calculate the highest common divisor of 19 and 133.
19
What is the highest common divisor of 5 and 3145?
5
What is the highest common factor of 203 and 13021?
29
Calculate the highest common factor of 90 and 210.
30
Calculate the greatest common factor of 72 and 1206.
18
Calculate the highest common divisor of 12 and 6918.
6
Calculate the greatest common divisor of 35 and 33985.
35
Calculate the highest common factor of 2 and 97.
1
Calculate the highest common factor of 42 and 861.
21
What is the highest common divisor of 1435 and 175?
35
Calculate the greatest common factor of 117216 and 96.
96
What is the highest common divisor of 48900 and 200?
100
Calculate the greatest common divisor of 136 and 7208.
136
Calculate the highest common factor of 5061 and 42.
21
What is the greatest common factor of 202 and 101?
101
What is the greatest common divisor of 576 and 99?
9
What is the highest common divisor of 16224 and 48?
48
What is the greatest common divisor of 24 and 12?
12
What is the greatest common factor of 110 and 3663?
11
Calculate the greatest common divisor of 242 and 78892.
242
What is the greatest common factor of 220 and 44?
44
What is the highest common divisor of 348 and 12?
12
What is the highest common factor of 28 and 2646?
14
What is the highest common factor of 6304 and 64?
32
Calculate the highest common factor of 874 and 230.
46
What is the highest common factor of 1650 and 5?
5
What is the highest common factor of 860 and 65?
5
Calculate the greatest common factor of 74 and 296.
74
What is the highest common factor of 2725 and 436?
109
Calculate the greatest common factor of 391 and 561.
17
What is the greatest common factor of 36 and 36?
36
Calculate the highest common divisor of 162 and 72.
18
What is the greatest common divisor of 54 and 6?
6
What is the highest common factor of 33 and 2651?
11
What is the greatest common factor of 87 and 1131?
87
What is the highest common factor of 581 and 7?
7
Calculate the highest common factor of 3 and 81.
3
Calculate the greatest common factor of 12 and 6198.
6
Calculate the greatest common factor of 2204 and 76.
76
Calculate the greatest common divisor of 9499 and 322.
161
Calculate the highest common factor of 72 and 1320.
24
Calculate the highest common factor of 14272 and 128.
64
What is the greatest common divisor of 8 and 25?
1
What is the highest common factor of 9541 and 203?
203
Calculate the greatest common divisor of 9637 and 4609.
419
Calculate the highest common divisor of 2701 and 365.
73
What is the highest common factor of 7568 and 56?
8
What is the highest common divisor of 8565 and 15?
15
Calculate the greatest common factor of 182 and 52.
26
What is the highest common factor of 12 and 384?
12
Calculate the greatest common factor of 315 and 180.
45
What is the highest common divisor of 100 and 7575?
25
What is the highest common divisor of 1810 and 10?
10
Calculate the greatest common divisor of 2813 and 58.
29
What is the greatest common factor of 160 and 295?
5
Calculate the greatest common divisor of 238 and 289.
17
What is the greatest common factor of 13 and 13897?
13
Calculate the greatest common divisor of 13 and 1469.
13
What is the highest common divisor of 28 and 44?
4
Calculate the highest common divisor of 3088 and 208.
16
Calculate the greatest common divisor of 91 and 78.
13
Calculate the highest common divisor of 708 and 156.
12
Calculate the greatest common factor of 30 and 6168.
6
What is the greatest common factor of 192 and 60?
12
What is the greatest common factor of 682 and 93?
31
What is the greatest common divisor of 2 and 39?
1
Calculate the greatest common factor of 124 and 38.
2
Calculate the greatest common factor of 220 and 320.
20
What is the highest common divisor of 28 and 518?
14
Calculate the highest common factor of 5817 and 42.
21
What is the highest common divisor of 145 and 5?
5
Calculate the greatest common factor of 562 and 4.
2
Calculate the highest common divisor of 392 and 686.
98
What is the highest common divisor of 9 and 549?
9
Calculate the greatest common divisor of 767 and 236.
59
Calculate the greatest common factor of 12 and 9564.
12
What is the highest common divisor of 402 and 21842?
134
Calculate the highest common factor of 13 and 2210.
13
What is the highest common divisor of 69 and 207?
69
Calculate the highest common divisor of 330 and 30.
30
What is the greatest common divisor of 21 and 105?
21
What is the highest common factor of 12 and 1266?
6
What is the greatest common divisor of 36 and 126?
18
What is the greatest common divisor of 110 and 35?
5
What is the highest common divisor of 1158 and 9?
3
What is the highest common factor of 3740 and 4?
4
What is the greatest common factor of 125 and 1?
1
What is the highest common factor of 15 and 3?
3
Calculate the greatest common divisor of 56 and 17780.
28
Calculate the highest common factor of 46 and 805.
23
What is the greatest common divisor of 15 and 265?
5
Calculate the greatest common divisor of 33 and 1375.
11
What is the greatest common divisor of 99 and 1617?
33
Calculate the greatest common factor of 899 and 31.
31
What is the greatest common factor of 5629 and 26?
13
Calculate the greatest common divisor of 80 and 5480.
40
Calculate the highest common divisor of 214 and 749.
107
What is the highest common factor of 4 and 188?
4
Calculate the highest common factor of 40 and 3.
1
What is the highest common factor of 5 and 35?
5
Calculate the greatest common factor of 5376 and 21.
21
Calculate the highest common factor of 97 and 1649.
97
Calculate the greatest common divisor of 129 and 17673.
129
What is the 